2 + 15 + 9*f**2. Give z(-10).
-5
Let l(r) = -r**3 - 4*r**2 + 4*r + 7. Let t(o) = o - o**3 + 0 + 3 - 2. Let b(k) = k**3 + 8*k**2 + 9*k + 16. Let w be b(-7). Let s be t(w). Give l(s).
12
Suppose 4*k - 6 = 2*k. Let x(b) = b**3 - 4*b**2 + b + 4. Give x(k).
-2
Let m = 4 - 2. Suppose 4*s = 6*s - 8, 5*k + 3 = m*s. Let h(l) be the second derivative of -7*l**4/12 - l**3/6 + l**2/2 + 2*l + 3. Give h(k).
-7
Suppose -3*y = 3*b, -4*b - 12 = -3*b + 5*y. Let n be (-12)/(-2) + 7 + -7 + -3. Let w(g) = 95*g + 2 - 92*g - n. What is w(b)?
8
Suppose 5*v = -3*b, 9*b + 3*v = 4*b + 16. Let l(d) = -d**2 + 7*d - 5. Calculate l(b).
5
Let b(z) = -24 - z + z + 27 + z. Suppose -2*v = -4*p - 22, -5*p + 3*v - 22 = 5. What is b(p)?
-3
Let o(c) = c**2 - 5*c + 3. Suppose -4*x + 3*i = -65 - 43, -110 = -3*x - 5*i. Suppose -5*n - x = -50. Calculate o(n).
-1
Let u = 354 - 354. Let p(b) = b**3 + b + 12. What is p(u)?
12
Suppose 2*h + 6 = -s, 0 = -5*s - 4*h - 7 + 1. Let z(u) = 7*u - 5*u**s - 4 - 3*u + u**3 + 2*u - 4*u. Give z(4).
-12
Let u(o) = -6*o**2 - 8*o + 1. Let c(t) = -2*t**2 - 2*t + 2. Let k(d) = 2*c(d) - u(d). Calculate k(-2).
3
Let j(k) be the third derivative of -k**5/60 - 2*k**4/3 + 11*k**3/6 - 109*k**2. Give j(-16).
11
Let v(a) = -6*a - 8. Let t = -1133 - -1132. Calculate v(t).
-2
Let w(m) = m**2 + 7*m. Let h = -229 + 322. Let b = -100 + h. Give w(b).
0
Suppose -2*v + 5*a - 4*a - 13 = 0, -4*a + 12 = 0. Let d(m) = -2*m**2 - 5*m + 3. Give d(v).
-22
Let c(v) = -44*v + 10*v - 10 + 17*v + 14*v. Let m(y) = y**3 - 5*y**2 + 3*y - 3. Let t be m(4). Calculate c(t).
11
Let s(r) = 20*r**2 + r**3 - 7*r + 19*r**2 - 5 - 36*r**2. Give s(-4).
7
Let g(h) = 2*h**3 + 2*h - 4. Let k be (-2 - -4)/(6/(-9)). Let d(b) = -b + 2 + 0 - b - 2*b**3 + 1 + b**2. Let w(t) = k*d(t) - 2*g(t). What is w(2)?
7
Let w(c) = -1 - 7 + c - 3*c. Suppose -4*r = 4*y + 32, 3*r + 6 = -5*y - 22. What is w(r)?
4
Let v(w) be the third derivative of -w**6/120 + w**5/15 + w**3/2 - 7*w**2 + 3. Determine v(4).
3
Let d(x) = x**2 + 44064*x + 16*x**2 + x**3 - 31 - 44066*x. Calculate d(-17).
3
Let y be 9 - 4/4*-2. Let a(i) be the third derivative of i**5/60 - 5*i**4/12 - 13*i**3/6 + 13*i**2. Give a(y).
-2
Let g(b) = 19*b**3 + 9*b**2 + 2*b - 4. Let k(m) = 24*m**3 + 10*m**2 + m - 4. Let u(l) = 5*g(l) - 4*k(l). Give u(6).
-4
Let q(r) be the first derivative of r**7/84 + r**6/360 + r**5/120 + 3*r**3 + 1. Let a(j) be the third derivative of q(j). Determine a(-1).
-10
Let w(r) = -3*r**2 - 19*r + 12. Let b(s) = s**2 + 6*s - 4. Let h(d) = 7*b(d) + 2*w(d). Suppose 0 = -u - 5*n - 0*n + 11, -2*u - 14 = -2*n. What is h(u)?
-4
Let c(m) = -m**2 + 21*m + 26. Suppose 73 = 4*f + 3*x, f - 33 = -3*x - 26. Give c(f).
4
Let k(t) = 4*t**2 + 2*t - 2. Let p be k(1). Let l(b) = -b**3 + 5*b**2 - 3*b - 5. Let d be l(p). Let q(y) = -y**2 + 1. What is q(d)?
0
Let i(r) = r**2 - 5*r - 7. Let g(z) = z**2 - 4*z - 7. Let q(w) = -5*g(w) + 4*i(w). Give q(-3).
-2
Let p(o) = -o**3 + 6*o**2 - 3*o + 15. Let m be p(6). Let r(g) = -g**3 - 2*g**2 + 2*g. Calculate r(m).
3
Let c(w) = 7*w - 8. Let j(l) = 2*l - 3. Let m(g) = 3*c(g) - 8*j(g). Let y(o) = -36*o. Let x(i) = -27*m(i) - 4*y(i). What is x(2)?
18
Let s(i) = i - 13. Let z be s(11). Suppose 0 = -t - 3*a - 10, -a + 0 = 2. Let c = t - z. Let g(m) = -5*m**2 - 2*m + 2. Determine g(c).
-14
Let k(v) be the second derivative of -v**5/20 - v**4/12 + v**3/2 - v**2/2 - 108*v. Give k(2).
-7
Let h(c) = -19*c**2 - 2 - 8*c - 16*c**2 - 4 - 21*c**2 + 57*c**2. Calculate h(0).
-6
Let k(x) = 16*x**2 + 7*x - 7. Let s(b) = 8*b**2 + 4*b - 4. Let v(n) = -3*k(n) + 5*s(n). Suppose 2*a - 1 = 1. Give v(a).
-8
Let p(b) = 2*b + 54. Let y be p(-21). Suppose 3*a + 20 = -t + 5, -4*t = y. Let o(d) = d - 4. Calculate o(a).
-8
Let g(b) = -b**2 + 53. Let l be g(-7). Let n(u) = u**2 - 4*u + 5. Determine n(l).
5
Let i be (-2)/7 + -2*(-1)/7. Suppose 2 = -0*z + z. Let p(a) = a**3 + 0*a**2 + 1 + 6 + z - a**2. Calculate p(i).
9
Let v(f) = -f. Let b(c) = 4*c - 1. Let d(k) = -k**3 - 3*k**2 - 7. Let r be d(0). Let w(p) = r*v(p) - 2*b(p). Calculate w(2).
0
Let g(f) be the third derivative of -f**6/120 + f**5/10 - f**4/24 + 2*f**3/3 - 2*f**2. Let l be (-2)/(-1 - -3) - (-6 + -1). Determine g(l).
-2
Let g(j) be the third derivative of -j**6/120 - j**5/15 + j**4/4 + 7*j**3/6 + 4*j**2. Let h be g(-5). Let t(u) = u**3 - 3*u + 3. Calculate t(h).
5
Let v(q) = -15*q + 8. Let g(l) = -30*l + 14. Let m(x) = -6*g(x) + 11*v(x). Determine m(-3).
-41
Let v(m) = -2*m**3 - 2*m**2 + m - 2. Suppose n = 5*g - 0*n - 67, 48 = 4*g + 2*n. Suppose 0 = -6*s - g + 43. Suppose s*l + 8 = l. What is v(l)?
4
Let t(b) = -8*b**3 + 17*b**2 - 5*b + 3. Let l(s) = 7*s**3 - 16*s**2 + 6*s - 4. Let u(z) = 7*l(z) + 6*t(z). What is u(9)?
17
Let q(n) = -4*n + 85 + 71 + 3*n**2 - 155. Give q(-3).
40
Let o be (275/150)/(2/12). Let f(i) be the second derivative of -9/2*i**2 + 0 - 1/3*i**3 + o*i. What is f(-6)?
3
Let o = 2965 - 2959. Let a(w) = w**3 + 2*w + 2*w - 2 + w - 7*w**2. Give a(o).
-8
Suppose 0*f - f = 5*q - 5, 2*f - q + 23 = 0. Let c(u) = u + 4. Let j be c(-7). Let n = f - j. Let y(x) = x**2 + 7*x - 5. Calculate y(n).
-5
Let x be 4/(3/(-6)*2)*-1. Let i(z) = z - 6. Calculate i(x).
-2
Let i(o) = -o**2 - o. Let q = 31 - -37. Let p = q - 70. Determine i(p).
-2
Let b(s) = 2*s**2 + s + 2. Let t be (-6)/30*1 + 18/(-10). What is b(t)?
8
Let x be 15/9*(3 - 0). Let k be (-9)/x*1*-5. Let p(t) = -2*t + k - 8 + 0. Determine p(4).
-7
Let q(m) = -m**2 - 12*m + 15. Let p be q(-13). Let a(x) = -21*x**2 + 8 - 9*x + 39*x**p - 17*x**2. Give a(7).
-6
Let v = 1 + 6. Let b(s) = 5*s**3 + 12*s**2 + 2*s + 6. Let z(r) = 2*r**3 + 6*r**2 + 2*r + 3. Let o(i) = 3*b(i) - 7*z(i). What is o(v)?
-10
Let a(p) = -2*p + 8. Suppose -6*s = -20*s + 70. Calculate a(s).
-2
Let t(w) = -2*w**2 - 3*w - 2. Let u be ((-1)/2)/((-2)/(-8)). Let r be t(u). Let y be 24/r*(-1)/(-3). Let a(h) = 2*h**3 + 3*h**2 - 2. Give a(y).
-6
Let y(w) be the first derivative of w**3/3 + 2*w**2 + 2*w + 13. Give y(-2).
-2
Suppose 29*u = 32*u - 9. Suppose -3*n - 6*y = -3*y + 18, 3*n - u*y = 12. Let k(l) = -3*l**2. Determine k(n).
-3
Let q(r) = -r**3 - 9*r**2 + 9*r - 11. Suppose 0 = -837*w + 851*w + 140. Calculate q(w).
-1
Let o(d) = -d**2 + 0*d**2 + 4*d**2 + 1 - 5*d**2 - 5*d. Let t = 114 + -118. Give o(t).
-11
Let a(t) = -t**2 + t + 4. Let d be (-2 + 1)*(-28)/4*1. Give a(d).
-38
Let x be (22/(-2))/(7 - 6). Let q = 14 + x. Let s(m) = -4*m**2 - 8*m + m + 6*m - m**q + 0*m. Determine s(-2).
-6
Let y(b) be the first derivative of -2*b**3/3 + b**2 + 11*b + 11. Let h(u) be the first derivative of y(u). Let s = -1 - 1. Determine h(s).
10
Let i(x) be the second derivative of -x**3/2 - 5*x**2/2 + x. Suppose 9*j + 4*z = 4*j - 9, 0 = -4*j - 5*z. Give i(j).
10
Let f(b) = -b**3 + 6*b**2 - 4*b - 2. Let d be f(5). Let w(n) = 2*n**2 - n**2 + d + n + n. Let j(h) = -h**3 - 3*h**2 - 2*h - 27. Let l be j(-4). Calculate w(l).
6
Let o be -1 + 8/10 + (-562)/(-10). Let i = 60 - o. Let a(h) = h**3 - 4*h**2 - 2*h. What is a(i)?
-8
Let k(n) = -n**3 - n**2 + 2. Let u be (-6)/9 + 138/(-9). Let f be (u - -13) + 3*1. Calculate k(f).
2
Let a(b) = -b**2 + 4*b - 4. Suppose 7948*w = 7945*w + 12. Determine a(w).
-4
Let y be 1 + 0 + (1 - -1). Suppose -y - 3 = 2*s. Let o(v) = -14*v - 40 + v**2 + 41 + 15*v. Calculate o(s).
7
Let f(v) = v**3 - 7*v**2 + v - 6. Suppose 5*r + 118 = 13. Let b be (13/(-39))/(1/r). Determine f(b).
1
Let j(m) = -3 - 2*m - 2 + 11. Give j(8).
-10
Let f(m) = 15*m**2 + 7*m - 7. Let b(t) = -7*t**2 - 3*t + 3. Let u(z) = -13*b(z) - 6*f(z). What is u(3)?
3
Let a(x) = x - 1. Suppose -12*k + 115 = -35*k. Give a(k).
-6
Let p be (3 + -5)/2*-80. Suppose -5*c = -c - p. Let f(a) = -c + 9 + 11 + a - 7*a**3. Calculate f(1).
-6
Let m(g) = -463*g + 1 + 8 - 465*g + 936*g + 4. Give m(-3).
-11
Let d(v) = v**2 - 12*v + 32. Let n be d(9). Let w = -5 - -8. Let k(g) = -w*g + 0*g + 5 + g. Calculate k(n).
-5
Suppose -2*d = -m - 9, -4*m - 2*d + 14 = -0*m. Let p = 1 - m. Let r(f) = -4*f**2 + 6*f - 8. Let i(u) = -u**2 + u. Let y(s) = 5*i(s) - r(s). What is y(p)?
8
Suppose 20*b - 426 = -51*b. Let o(f) be the third derivative of -f**2 - 1/60*f**5 + 0*f + 5/6*f**3 + 5/24*f**4 + 0. What is o(b)?
-1
Let g(c) be the second derivative of c**4/6 + 2*c + 2992. Let j = -4 + 3. Give g(j).
2
Let u(p) be the first derivative 